 is divided by 26.
9
Let i(y) = -54*y - 371. What is the remainder when 668 is divided by i(-9)?
93
Suppose 0 = -4*u - 3*z + 14 + 2, -5*z + 4 = u. Let n be 120/(-10)*(-2)/8. What is the remainder when -1 - (-2 + -13)/n is divided by u?
0
Let c(l) = 157*l - 1097. What is the remainder when 2 is divided by c(7)?
0
Suppose 0 = -11*q - 7*q - 720. Let x = 49 - q. Calculate the remainder when x is divided by 23.
20
Suppose 65 + 351 = 4*b. Let o(k) = k**2 - 23*k + 118. Let q be o(10). Let j(i) = -i**3 - 11*i**2 + 11*i + 15. What is the remainder when b is divided by j(q)?
23
Let y(t) = 8*t - 1. Suppose -40*h - 2607 = -4967. What is the remainder when h is divided by y(1)?
3
Suppose 0 = 3*n + j + 4087 - 1106, 2*j = -4*n - 3972. Let d = n - -1453. What is the remainder when d is divided by 51?
50
Suppose 4*m - o + 2*o + 3960 = 0, -3*m + 2*o - 2981 = 0. Let z = -462 - m. Calculate the remainder when z is divided by 28.
25
Suppose -13*t = -8*t - 90. What is the remainder when (-1 - 0)*5 - (-164 - -19) is divided by t?
14
Suppose w + 21 = s + 24, 4*s + 17 = 5*w. Let t be 1 - 4/((-2)/1). Suppose p + 48 = t*n - 2*p, -5*n = -s*p - 65. What is the remainder when 21 is divided by n?
10
Suppose -3*v = -5*k - 574, -2*v + 3*k + 447 = 66. What is the remainder when 531 is divided by v?
165
What is the remainder when (-110)/(12 - -10) - (-1942)/2 is divided by 11?
9
Let s(j) = -j**2 - 17*j - 28. Let c be s(-13). Let z = c + -18. Suppose 38 = z*y - 46. What is the remainder when 25 is divided by y?
11
Let m = -15313 + 15507. Calculate the remainder when m is divided by 34.
24
Let y(r) be the second derivative of -r**4/12 + 11*r**3/6 + 14*r**2 + 4*r + 11. Calculate the remainder when 108 is divided by y(10).
32
Suppose -651 = 467*r - 474*r. Calculate the remainder when r is divided by (-4)/2*(-3 + -14).
25
Let z(r) = 103*r**2 - 9*r - 5. What is the remainder when z(-1) is divided by -3 + 4 - -2 - -1?
3
Let t(c) = -3*c - 12. Let q be t(-6). Calculate the remainder when 56 is divided by 2*q/8*68/6.
5
Let f be 4*((-18)/20)/((-22)/(-165)). Let q = 69 + f. Calculate the remainder when (-1)/((3 - 2)/(-83)) is divided by q.
41
Let z(y) = -y**2 - 83*y - 971. What is the remainder when z(-67) is divided by 43?
15
Let q = -796 - -800. Suppose 0 = -q*u + 2*r + 316, -4*u - 3*r + 154 + 182 = 0. What is the remainder when u is divided by 43?
38
Suppose 21*h - 2833 + 523 = 0. Let b = h - 100. What is the remainder when 16 is divided by b?
6
Let k(c) = c**3 + 13*c**2 + 3*c - 11. Let n(z) = -z**3 - 14*z**2 - 4*z + 11. Let h(s) = -7*k(s) - 6*n(s). Calculate the remainder when h(-8) is divided by 24.
3
Suppose -5*q = -32*q + 5751. Suppose 8*p = q - 165. What is the remainder when 479 is divided by p?
5
Let h(o) = -7*o + 16. Suppose 10 = d - 102. Let j = -123 + d. Calculate the remainder when h(j) is divided by 47.
46
Calculate the remainder when 1293 is divided by 217/(-31)*(-1)/(-1) + 326.
17
Suppose -d + 245 = 3*t + 3*d, 5*d + 5 = 0. Calculate the remainder when t is divided by 82.
1
Suppose 245 = 53*h + 25 - 151. What is the remainder when 3550 is divided by h?
1
Let z(d) = d**2 + 58*d - 84. Calculate the remainder when 3311 is divided by z(-60).
35
Let f(z) = -z**2 + 7*z + 19. Let k be f(7). Suppose 0 = t + 3*v - k, -3*t + 35 = -4*v - 9. Let a = 31 + -22. Calculate the remainder when t is divided by a.
7
Suppose 0 = 25*u - 61*u + 1296. Calculate the remainder when 862 is divided by u.
34
Let f = 17160 - 15210. Calculate the remainder when f is divided by 6.
0
Suppose 14*b - 8*b = 0. Suppose o + 0 + 10 = b. What is the remainder when 63 is divided by ((-85)/o)/((-1)/(-2))?
12
Let p(w) = -5*w**2 + 6 + 2*w + 3*w**2 - w**3 + 9*w**2 - 14. Let x(q) = -q**3 + 12*q**2 - 3*q - 3. Calculate the remainder when x(5) is divided by p(6).
37
Let q = -7210 + 7231. Calculate the remainder when 639 is divided by q.
9
What is the remainder when (84 - 3) + -2 + -15 is divided by 43?
21
Suppose -a = 5*y - 3, -3*y = -14 + 17. Calculate the remainder when (329/28)/((-1)/(-4)) is divided by a.
7
Suppose 0*f - 630 = -5*f. Let r(c) = c**2 - 8*c + 9. Let s be r(8). Let t(x) = x + 23. Calculate the remainder when f is divided by t(s).
30
Let o = 196 + -165. Suppose o + 3 = l + 4*k, -4*k = -2*l + 68. Calculate the remainder when l is divided by 9.
7
Suppose -4*l + 11*j + 9 = 6*j, -5*l + 5*j = -10. What is the remainder when (l + (-3)/2)*(-133 - 71) is divided by 25?
2
Suppose -30*g + 48632 - 35237 + 39105 = 0. Calculate the remainder when g is divided by 193.
13
Suppose -5*d + j - 56 = -7*d, 0 = -5*d - 3*j + 139. Let p(z) = 7*z**3 - 40*z**2 + 41*z - 31. Calculate the remainder when p(6) is divided by d.
26
Let o = 38 - 46. Let x(m) = m + 78. What is the remainder when 203 is divided by x(o)?
63
Suppose -11*v = -41 - 3. Suppose s = b + v*b + 47, b + 5 = 0. What is the remainder when 37 is divided by s?
15
Suppose 0*t + 276 = -4*t. Let g = -53 - t. Let y = -47 - -76. What is the remainder when y is divided by g?
13
Suppose 7827 = 52*f - 3197. Calculate the remainder when f is divided by 3.
2
Let p(l) = -2*l**3 + 2*l**2 + 15*l + 13. What is the remainder when p(-4) is divided by 8/(-10) + (-1253)/(-35)?
8
Suppose 30*d - 18 = 24*d. Suppose r - 2*t - 2 = 0, 0*r - 4*r - d*t + 19 = 0. Calculate the remainder when 33 is divided by r.
1
Suppose 32*x - 127 = 129. Suppose x*p - 761 = -201. Suppose 2*t = r - 6*r + 23, 5*t - 140 = 4*r. What is the remainder when p is divided by t?
22
Let n = -916 + 934. What is the remainder when 42 is divided by n?
6
Let c(u) = -6*u**3 - 3*u - 2. Let o be c(-2). Let w = o + -96. What is the remainder when 39 is divided by w/(-10) - 12/30?
3
Suppose 5*m - 19 = -3*p - 0*m, -p = m - 9. What is the remainder when 8*1*1/(-2)*(-2070 - -2028) is divided by p?
12
Let t = -211 + 215. Suppose 0*l - 4*l = -o - 8, t*o + 12 = -4*l. Calculate the remainder when 20 is divided by l.
0
Calculate the remainder when 4745 is divided by (-4242)/(-126)*(-2)/((-8)/12).
99
Let k(z) = z**3 - 4*z**2 - 6*z + 7. Let r be k(5). Suppose 0 = -20*p + 17*p + 1 + 53. Suppose 0 = r*g + 2 - p. What is the remainder when 30 is divided by g?
6
Suppose -2*q + 3*h + 28 = 0, -3*h + 293 = 299. Let j = 9 - -29. What is the remainder when j is divided by q?
5
Let f = -5184 + 5374. What is the remainder when f is divided by 28?
22
Let c be 4*((-295)/(-4))/(-5). Let t = c + 89. Let u = 41 - t. What is the remainder when u is divided by 2?
1
Let h = -758 - -758. Suppose -g - 4*q + 60 = -q, 5*g + 2*q - 313 = h. What is the remainder when g is divided by 33?
30
Let z = 2181 - 2098. Calculate the remainder when 130 is divided by z.
47
Let y be (-2536)/(-12) - -4 - 4/(-6). Let v = y - 203. Let d(p) = p**3 + 6*p**2 - 2*p + 3. What is the remainder when d(-5) is divided by v?
12
Suppose -997 = 13*z - 5690. Suppose -489 = -34*y + z. What is the remainder when y is divided by 16?
9
Let u = -1892 - -2433. Calculate the remainder when u is divided by 14.
9
Let j(l) = -7*l**3 + 2*l**2 + 2*l - 4. What is the remainder when 4 + (3 - 480/(-3)) is divided by j(-2)?
55
Suppose -2*n - 2*n = 0. Suppose -2*o + n*o + 22 = 0. What is the remainder when o is divided by ((-24)/(-10))/(-1 - (-28)/20)?
5
Suppose 3*v - 17443 = 2*u, 2*v - 46*u + 47*u = 11645. What is the remainder when v is divided by 28?
23
Suppose 0*t - 120 = -5*t. Let z be (-69)/(-12) + 6/t. Suppose -62 + 200 = z*y. Calculate the remainder when 90 is divided by y.
21
Let h = 67 - 24. Let a = 10181 + -10099. What is the remainder when a is divided by h?
39
Suppose g + 90 = 3*u, -6*u + 70*g - 72*g + 156 = 0. Calculate the remainder when u is divided by 36/(-15)*(-15)/6.
4
Suppose 3*h - 4*p - 789 - 45 = 0, 5*p = 5*h - 1380. Calculate the remainder when h is divided by 106.
58
Let q(h) = h**2 + 11*h + 13. Let t be q(-7). Suppose 0*z - z - 12 = -4*f, 0 = -2*z - 8. What is the remainder when 10 is divided by f/4*(1 - (t - -2))?
3
Let s be 3 + (32/20)/((-4)/10). Calculate the remainder when 4/((28/(-3353))/s) is divided by 12.
11
Suppose -u + 8 + 3 = 0. Let j be (-22338)/(-170) + (-1)/((-5)/(-2)). Suppose 5*f = 5*x - 1 + j, 4*x + 46 = 2*f. What is the remainder when f is divided by u?
7
Let r(u) = 4*u - 1. Let t be r(-1). Let d = -1289 - -1314. Calculate the remainder when d is divided by ((-1